11)/9)/(3/y) prime?
False
Is (-3688919)/(-91)*7*(7 - 6) composite?
False
Let i(u) = 363*u - 5. Let y be i(4). Let g = -2849 + 2075. Let m = y + g. Is m a composite number?
False
Suppose 15*t = 28*t - 10*t - 316947. Is t prime?
True
Let z = -883 - -561. Let f = z - -659. Is f a prime number?
True
Suppose 5*b + c = 2 - 15, 2*c = 4*b + 2. Let i(s) = -96*s - 13. Is i(b) a prime number?
True
Suppose 5*k + 3*m + 27 = 0, -8*m + 31 = -5*k - 12*m. Let a(y) = 152*y**2 - 4*y - 1. Is a(k) a prime number?
False
Suppose 0 = 5*j - 29331 - 187624. Is j a composite number?
False
Let c = -371 + 375. Suppose -5*z = c*s - 3314, -z + 250 = -5*s - 407. Is z prime?
False
Suppose 16*j + 7 = 135. Let v(r) = -2*r**3 + 16*r**2 + 5. Let n be v(j). Suppose -2*w - 1674 = -n*w - 3*m, 561 = w + 4*m. Is w a composite number?
False
Suppose 19*w - 23*w - 393846 = -2*t, -2*t + 5*w + 393848 = 0. Is t prime?
True
Let c be 4/(-3*8/36). Is (-7174)/(-6)*2/c*-9 a prime number?
False
Let x = 313 - 301. Suppose -108001 = -5*w - x*w. Is w a composite number?
False
Suppose 24*v + 33*v + 187038 = 3999711. Is v prime?
True
Let n(h) be the first derivative of -175*h**2/2 + 3*h - 20. Let q be n(8). Let c = -310 - q. Is c composite?
False
Let v = -342 - -362. Let j(y) = 2*y**3 - 20*y**2 - 4*y - 47. Is j(v) a composite number?
False
Suppose -4*s + 13 = 1. Suppose -7 = s*o + 488. Is (-4198)/(-22) - 30/o a composite number?
False
Let k(d) = 1509*d**3 - 2*d**2 + 3*d - 8. Let g be k(2). Let b = 3939 + g. Is b a composite number?
False
Let q be (-6*1/(-2))/(-1). Let j(a) = -2*a - 12. Let x be j(-5). Is q + (-5548)/(-20) - x/(-5) a composite number?
True
Suppose -3*y = -20*y + 15759. Let l = y + -250. Is l a prime number?
True
Let a(q) = 5*q**2 - 3*q - 19. Suppose 2*b + o - 20 = 0, 0 = 4*b + b + 5*o - 45. Suppose 5*c + b = 36. Is a(c) a prime number?
False
Let p = -3471 + 20564. Is p composite?
False
Suppose 208 = 4*q + 192. Let x(m) = 253*m - 38. Is x(q) composite?
True
Let p be (-6 - (3 + -12))/(3/(-493486)). Is 0 - p/35 - (-6)/(-10) a composite number?
True
Let x = -71 - -73. Is (220308/(-88))/((-5)/2 + x) prime?
False
Let r(d) be the third derivative of d**6/120 - 3*d**5/20 + 7*d**4/24 + 13*d**3/6 + 20*d**2. Let a be r(7). Let q = -17 - a. Is q a prime number?
True
Let g(d) be the second derivative of -7/2*d**2 - 47/6*d**3 - 27*d + 0. Is g(-18) a composite number?
False
Suppose -4*p + 215*c - 211*c = -1198472, 2*c = 4*p - 1198470. Is p a prime number?
True
Let w = -127 + -61. Let o be w*((-5)/2 - 9/(-3)). Let h = o + 140. Is h a composite number?
True
Suppose -19*u = -3246300 - 13445789. Is u prime?
False
Let z(t) = -t**3 + 15*t**2 + 27*t + 12. Let b be z(19). Let j = b - -1460. Is j prime?
True
Suppose -4*y - 6*r = -2*r + 68, -2*y + r = 40. Let o(k) = -64*k + 27. Let a(t) = -317*t + 133. Let p(b) = -2*a(b) + 11*o(b). Is p(y) composite?
False
Let i = 19 + -15. Suppose -3*a - 2*a = 0, i*a = q - 1739. Suppose -2*k - 887 = -3*s + 858, 3*s = 5*k + q. Is s a prime number?
False
Let b(h) = 1829*h - 37. Let w be b(3). Suppose -s = -m - 2010, -5*m = 3*s - 540 - w. Is s a composite number?
True
Suppose 86437 = 15*t - 94538. Suppose -60352 = -5*c - s, 0 = c + 11*s - 9*s - t. Is c a composite number?
False
Let h(k) = -17*k + 292. Let t be h(-16). Let v = 1069 - t. Is v a composite number?
True
Is -6*1/(-12)*22178 a composite number?
True
Let x(q) = -17*q - 3. Let g be x(-1). Suppose 0 = -g*t + 7*t + 49. Let n(o) = -o**3 + 12*o**2 + 10*o - 8. Is n(t) composite?
False
Suppose 4*d = -3*c + 2653, -3584 = -4*c + 13*d - 9*d. Let m = 1568 + c. Is m composite?
False
Let j be (-16 - -1)*(-3 - (-39)/9). Let r = 59 + j. Suppose -r*q + 37*q + 1790 = 0. Is q a prime number?
False
Is -14*(2 - 3)*(47169/18 + 10) composite?
True
Is (-18)/(-24) + (-125)/(-20) + 14016 composite?
True
Let f be (-2)/(-6) + 884118/(-54)*-3. Suppose 26*c - f - 8056 = 0. Is c composite?
True
Suppose -2*b = -2 + 8. Let j be 3*(-4)/b + 51*-11. Is -4*(-3)/4*j/(-3) prime?
True
Is 226/(-452) + 123723 + -1 + 2/4 prime?
False
Let k = 326877 - -60574. Is k a composite number?
True
Let j(b) = 8*b**2 - 2*b + 2. Let z = -246 - -240. Is j(z) a composite number?
True
Let q = 380809 + -231206. Is q a composite number?
False
Let u(h) = h**2 - h + 2. Let k be u(0). Let n be (-4)/8*k - (-15 + 0). Is (-20734)/((-6)/4 - 7/n) composite?
True
Let x = 15790 - 2697. Is x a composite number?
False
Suppose -4*y + 0*w + 5*w = 14439, 7219 = -2*y + 3*w. Let f = 2370 - y. Is f a prime number?
True
Suppose -4*a - 2*h + 457676 = 0, -177*h + 179*h + 343257 = 3*a. Is a a composite number?
False
Suppose -28*r - 18*r + 30449220 = 14*r. Is r a composite number?
True
Suppose -7*o + 4*o = -24. Suppose -o*y = -9*y. Suppose 0*s + 6*s - 34482 = y. Is s a prime number?
False
Suppose 0 = z + m - 20, -m = z + m - 23. Let c = z - 12. Suppose -10478 = -5*a - r, -c*r + 10460 = 5*a - 10*r. Is a prime?
False
Is (-18)/18 + 1308*80 a composite number?
False
Suppose r - 45*w = -44*w + 209058, -w = 3*r - 627194. Is r composite?
False
Let s(w) = -1284*w - 53. Suppose -t - 8 = 2*f, -t - 2*f = 3*t + 26. Is s(t) a prime number?
False
Suppose -277*i + 211*i + 3968382 = 0. Is i composite?
False
Let t(u) = u**3 + 10*u**2 - 3*u + 421003. Is t(0) a prime number?
False
Let q be (8 - 2/(-2))*5/(-3). Let t(u) = -2*u - 30. Let n be t(q). Suppose 3*k = 3*z - 2998 - 2006, n = 5*z + 2*k - 8375. Is z prime?
False
Let r(p) = 5*p**3 + 26*p**2 + 53*p + 77. Let q(i) = 2*i**3 + 9*i**2 + 18*i + 26. Let c(o) = -17*q(o) + 6*r(o). Is c(-3) composite?
True
Let g = 247476 - 29839. Is g a composite number?
True
Suppose 102*m - 587255 = 1187647. Is m a prime number?
True
Let q = -261 + 263. Suppose -18440 = -5*y - 5*h, -q*y - h = 2*h - 7381. Is y composite?
True
Let v = 112738 - -30111. Is v prime?
False
Is 23977/(5/455*7) prime?
False
Let c(f) = f**2 - 4*f - 11. Let t be c(5). Let s be 4082 - (1/t - 45/54). Suppose x - 4*x = -s. Is x composite?
False
Let y(a) = -106489*a - 1976. Is y(-1) a composite number?
False
Let z = 73902 + -49595. Is z composite?
True
Suppose 34*z - 15*z = -13*z + 8719072. Is z a composite number?
True
Suppose 5*l = 3*a + 8627, 4*l - l + 4*a = 5182. Let w = -1216 + l. Suppose 2*c = -4*j + w, -c + 233 + 20 = 4*j. Is c a composite number?
False
Let v be 6/(-14) + 7716/21. Let f = v - -994. Is f prime?
True
Suppose 2*q - 924831 = -5*r, 330*r + 3*q - 184961 = 329*r. Is r a prime number?
True
Let p(b) = -2*b**3 + 17*b**2 - 51*b + 349. Let w be p(8). Let k(f) = 1248*f - 2. Let a be k(5). Suppose w*n - 7987 - a = 0. Is n a prime number?
False
Suppose d - 9212 = -9*l + 13*l, 2*d + 3*l = 18402. Let z = d - 3937. Is z a prime number?
False
Suppose 15*o - 16*o - 2641 = 0. Let a = -698 - o. Is a a composite number?
True
Let u(b) = 1940*b**2 - 132*b + 2019. Is u(18) a composite number?
True
Is (15 - 162/18) + 3588157 composite?
False
Suppose 13*k - 1730 = 25232. Let z = 1302 - k. Let m = 107 - z. Is m a prime number?
False
Is (-1124615)/(-9) + (-202)/909 composite?
True
Suppose 134*h + 86*h - 9131540 = 0. Is h prime?
True
Let v(p) = 335*p**3 + 9*p**2 - 31*p - 9. Let g be v(6). Suppose 5*s - g = -20644. Is s prime?
True
Let z(a) = 254*a + 2. Let c be z(-14). Let t = c + 6753. Is t a prime number?
False
Suppose -68 = c - 3*c. Let y = c + -31. Is (-10932)/(-8) - (-2)/(-4) - y a composite number?
True
Let g be (69/(-12) - -4)*-284. Is 472/(-2)*g/(-284) a composite number?
True
Let n = -4 + 3. Let d = -6317 - -6319. Is (n - d*(-2)/8)*-2410 a composite number?
True
Let t be (-16)/(-40) - (-100258)/5. Let s = -11053 + t. Is s a prime number?
True
Let m = -30 - -34. Suppose m*f - 4*g - 1920 = 0, -5*f - 4*g + 772 = -1628. Suppose -n + f = -k, -5*k + 2*k = 5*n - 2392. Is n a composite number?
False
Let y(s) = 35998*s + 2421. Is y(7) prime?
True
Let u be -1*28/(-8)*2. Let x = -4358 + 15078. Suppose -879 - x = -u*s. Is s composite?
False
Suppose -37*s - 93*s = 70*s - 287606600. Is s a composite number?
False
Let a(n) = -259*n - 2. Let g be a(-3). Let i = -22 + 263. Suppose 0 = c + 5*w - 251, 2*w - g = -2*c - i. Is c a composite number?
False
Suppose 125923 + 843538 = w - 2*y, 3*y + 9 = 0. Is w a prime number?
False
Let l = -3 - -7. Let j be l/(-12)*(-1571 + 2). Let n = 896 - j. Is n a prime number?
True
Suppose -37*m = -33*